{"id":1419,"date":"2023-04-11T18:46:53","date_gmt":"2023-04-11T18:46:53","guid":{"rendered":"https:\/\/www.desiree-imfluss.de\/?page_id=1419"},"modified":"2026-03-31T17:32:43","modified_gmt":"2026-03-31T17:32:43","slug":"preise","status":"publish","type":"page","link":"https:\/\/www.desiree-imfluss.de\/?page_id=1419","title":{"rendered":"Preise"},"content":{"rendered":"\t\t<div data-elementor-type=\"wp-page\" data-elementor-id=\"1419\" class=\"elementor elementor-1419\">\n\t\t\t\t\t\t<header class=\"elementor-section elementor-top-section elementor-element elementor-element-9af642a elementor-section-full_width elementor-section-height-min-height elementor-section-content-top elementor-section-items-top elementor-reverse-mobile elementor-section-height-default\" data-id=\"9af642a\" data-element_type=\"section\">\n\t\t\t\t\t\t<div class=\"elementor-container elementor-column-gap-default\">\n\t\t\t\t\t<div class=\"elementor-column elementor-col-50 elementor-top-column elementor-element elementor-element-58c48c4\" data-id=\"58c48c4\" data-element_type=\"column\">\n\t\t\t<div class=\"elementor-widget-wrap elementor-element-populated\">\n\t\t\t\t\t\t<div class=\"elementor-element elementor-element-19e5449 elementor-widget elementor-widget-heading\" data-id=\"19e5449\" data-element_type=\"widget\" data-widget_type=\"heading.default\">\n\t\t\t\t<div class=\"elementor-widget-container\">\n\t\t\t<style>\/*! elementor - v3.20.0 - 11-03-2024 *\/\n.elementor-heading-title{padding:0;margin:0;line-height:1}.elementor-widget-heading .elementor-heading-title[class*=elementor-size-]>a{color:inherit;font-size:inherit;line-height:inherit}.elementor-widget-heading .elementor-heading-title.elementor-size-small{font-size:15px}.elementor-widget-heading .elementor-heading-title.elementor-size-medium{font-size:19px}.elementor-widget-heading .elementor-heading-title.elementor-size-large{font-size:29px}.elementor-widget-heading .elementor-heading-title.elementor-size-xl{font-size:39px}.elementor-widget-heading .elementor-heading-title.elementor-size-xxl{font-size:59px}<\/style><h1 class=\"elementor-heading-title elementor-size-default\"><a href=\"https:\/\/www.desiree-imfluss.de\/\">D\u00e9sir\u00e9e Braun<\/a><\/h1>\t\t<\/div>\n\t\t\t\t<\/div>\n\t\t\t\t<div class=\"elementor-element elementor-element-0e329c8 elementor-widget elementor-widget-text-editor\" data-id=\"0e329c8\" data-element_type=\"widget\" data-widget_type=\"text-editor.default\">\n\t\t\t\t<div class=\"elementor-widget-container\">\n\t\t\t<style>\/*! elementor - v3.20.0 - 11-03-2024 *\/\n.elementor-widget-text-editor.elementor-drop-cap-view-stacked .elementor-drop-cap{background-color:#69727d;color:#fff}.elementor-widget-text-editor.elementor-drop-cap-view-framed .elementor-drop-cap{color:#69727d;border:3px solid;background-color:transparent}.elementor-widget-text-editor:not(.elementor-drop-cap-view-default) .elementor-drop-cap{margin-top:8px}.elementor-widget-text-editor:not(.elementor-drop-cap-view-default) .elementor-drop-cap-letter{width:1em;height:1em}.elementor-widget-text-editor .elementor-drop-cap{float:left;text-align:center;line-height:1;font-size:50px}.elementor-widget-text-editor .elementor-drop-cap-letter{display:inline-block}<\/style>\t\t\t\t<p>Praxis f\u00fcr Energiearbeit &#8211; Energieseherin nach Martin Brune \/ Alberto Villoldo<br><span style=\"font-size: 0.9em;\">&#8211; zertifizierte Psychologische Beraterin<\/span><\/p><p><i>&#8222;Ich lasse los und bin frei<\/i>.&#8220;<\/p>\t\t\t\t\t\t<\/div>\n\t\t\t\t<\/div>\n\t\t\t\t\t<\/div>\n\t\t<\/div>\n\t\t\t\t<header class=\"elementor-column elementor-col-50 elementor-top-column elementor-element elementor-element-7fa3db7\" data-id=\"7fa3db7\" data-element_type=\"column\">\n\t\t\t<div class=\"elementor-widget-wrap elementor-element-populated\">\n\t\t\t\t\t\t<div class=\"elementor-element elementor-element-308ad7e elementor-widget elementor-widget-wp-widget-maxmegamenu\" data-id=\"308ad7e\" data-element_type=\"widget\" data-widget_type=\"wp-widget-maxmegamenu.default\">\n\t\t\t\t<div class=\"elementor-widget-container\">\n\t\t\t<div id=\"mega-menu-wrap-max_mega_menu_1\" class=\"mega-menu-wrap\"><div class=\"mega-menu-toggle\"><div class=\"mega-toggle-blocks-left\"><\/div><div class=\"mega-toggle-blocks-center\"><\/div><div class=\"mega-toggle-blocks-right\"><div class='mega-toggle-block mega-menu-toggle-animated-block mega-toggle-block-0' id='mega-toggle-block-0'><button aria-label=\"Toggle Menu\" class=\"mega-toggle-animated mega-toggle-animated-slider\" type=\"button\" aria-expanded=\"false\">\n                  <span class=\"mega-toggle-animated-box\">\n                    <span class=\"mega-toggle-animated-inner\"><\/span>\n                  <\/span>\n                <\/button><\/div><\/div><\/div><ul id=\"mega-menu-max_mega_menu_1\" class=\"mega-menu max-mega-menu mega-menu-horizontal mega-no-js\" data-event=\"hover_intent\" data-effect=\"fade_up\" data-effect-speed=\"200\" data-effect-mobile=\"disabled\" data-effect-speed-mobile=\"0\" data-mobile-force-width=\"false\" data-second-click=\"go\" data-document-click=\"collapse\" data-vertical-behaviour=\"standard\" data-breakpoint=\"1200\" data-unbind=\"true\" data-mobile-state=\"collapse_all\" data-hover-intent-timeout=\"300\" data-hover-intent-interval=\"100\"><li class='mega-menu-item mega-menu-item-type-post_type mega-menu-item-object-page mega-align-bottom-left mega-menu-flyout mega-menu-item-1798' id='mega-menu-item-1798'><a class=\"mega-menu-link\" href=\"https:\/\/www.desiree-imfluss.de\/?page_id=1793\" tabindex=\"0\">Gef\u00fchle verstehen<\/a><\/li><li class='mega-menu-item mega-menu-item-type-post_type mega-menu-item-object-page mega-align-bottom-left mega-menu-flyout mega-menu-item-1496' id='mega-menu-item-1496'><a class=\"mega-menu-link\" href=\"https:\/\/www.desiree-imfluss.de\/?page_id=1336\" tabindex=\"0\">Sitzungen<\/a><\/li><li class='mega-menu-item mega-menu-item-type-post_type mega-menu-item-object-page mega-align-bottom-left mega-menu-flyout mega-menu-item-1497' id='mega-menu-item-1497'><a class=\"mega-menu-link\" href=\"https:\/\/www.desiree-imfluss.de\/?page_id=1419\" tabindex=\"0\">Energieausgleich - Preise<\/a><\/li><li class='mega-menu-item mega-menu-item-type-post_type mega-menu-item-object-page mega-align-bottom-left mega-menu-flyout mega-menu-item-1498' id='mega-menu-item-1498'><a class=\"mega-menu-link\" href=\"https:\/\/www.desiree-imfluss.de\/?page_id=1442\" tabindex=\"0\">Klienten Feedback<\/a><\/li><\/ul><\/div>\t\t<\/div>\n\t\t\t\t<\/div>\n\t\t\t\t\t<\/div>\n\t\t<\/header>\n\t\t\t\t\t<\/div>\n\t\t<\/header>\n\t\t\t\t<section class=\"elementor-section elementor-top-section elementor-element elementor-element-a675279 elementor-section-full_width elementor-section-height-default elementor-section-height-default\" data-id=\"a675279\" data-element_type=\"section\">\n\t\t\t\t\t\t<div class=\"elementor-container elementor-column-gap-default\">\n\t\t\t\t\t<div class=\"elementor-column elementor-col-100 elementor-top-column elementor-element elementor-element-7947c45\" data-id=\"7947c45\" data-element_type=\"column\">\n\t\t\t<div class=\"elementor-widget-wrap elementor-element-populated\">\n\t\t\t\t\t\t<div class=\"elementor-element elementor-element-26cad40 elementor-widget elementor-widget-image\" data-id=\"26cad40\" data-element_type=\"widget\" data-widget_type=\"image.default\">\n\t\t\t\t<div class=\"elementor-widget-container\">\n\t\t\t<style>\/*! elementor - v3.20.0 - 11-03-2024 *\/\n.elementor-widget-image{text-align:center}.elementor-widget-image a{display:inline-block}.elementor-widget-image a img[src$=\".svg\"]{width:48px}.elementor-widget-image img{vertical-align:middle;display:inline-block}<\/style>\t\t\t\t\t\t\t\t\t\t<img fetchpriority=\"high\" decoding=\"async\" width=\"1740\" height=\"1160\" src=\"https:\/\/www.desiree-imfluss.de\/wp-content\/uploads\/2023\/03\/photo-1481127950397-88e4c4f4b83b.jpeg\" class=\"attachment-full size-full wp-image-1128\" alt=\"\" srcset=\"https:\/\/www.desiree-imfluss.de\/wp-content\/uploads\/2023\/03\/photo-1481127950397-88e4c4f4b83b.jpeg 1740w, https:\/\/www.desiree-imfluss.de\/wp-content\/uploads\/2023\/03\/photo-1481127950397-88e4c4f4b83b-300x200.jpeg 300w, https:\/\/www.desiree-imfluss.de\/wp-content\/uploads\/2023\/03\/photo-1481127950397-88e4c4f4b83b-1024x683.jpeg 1024w, https:\/\/www.desiree-imfluss.de\/wp-content\/uploads\/2023\/03\/photo-1481127950397-88e4c4f4b83b-768x512.jpeg 768w, https:\/\/www.desiree-imfluss.de\/wp-content\/uploads\/2023\/03\/photo-1481127950397-88e4c4f4b83b-1536x1024.jpeg 1536w\" sizes=\"(max-width: 1740px) 100vw, 1740px\" \/>\t\t\t\t\t\t\t\t\t\t\t\t\t<\/div>\n\t\t\t\t<\/div>\n\t\t\t\t\t<\/div>\n\t\t<\/div>\n\t\t\t\t\t<\/div>\n\t\t<\/section>\n\t\t\t\t<section class=\"elementor-section elementor-top-section elementor-element elementor-element-9186d87 elementor-section-full_width elementor-section-height-default elementor-section-height-default\" data-id=\"9186d87\" data-element_type=\"section\">\n\t\t\t\t\t\t<div class=\"elementor-container elementor-column-gap-default\">\n\t\t\t\t\t<div class=\"elementor-column elementor-col-50 elementor-top-column elementor-element elementor-element-4537e27\" data-id=\"4537e27\" data-element_type=\"column\">\n\t\t\t<div class=\"elementor-widget-wrap\">\n\t\t\t\t\t\t\t<\/div>\n\t\t<\/div>\n\t\t\t\t<div class=\"elementor-column elementor-col-50 elementor-top-column elementor-element elementor-element-7d1ef67\" data-id=\"7d1ef67\" data-element_type=\"column\">\n\t\t\t<div class=\"elementor-widget-wrap elementor-element-populated\">\n\t\t\t\t\t\t<div class=\"elementor-element elementor-element-e1b6cb6 elementor-widget elementor-widget-heading\" data-id=\"e1b6cb6\" data-element_type=\"widget\" data-widget_type=\"heading.default\">\n\t\t\t\t<div class=\"elementor-widget-container\">\n\t\t\t<h1 class=\"elementor-heading-title elementor-size-default\">Energieausgleich - Preise<\/h1>\t\t<\/div>\n\t\t\t\t<\/div>\n\t\t\t\t\t<\/div>\n\t\t<\/div>\n\t\t\t\t\t<\/div>\n\t\t<\/section>\n\t\t\t\t<section class=\"elementor-section elementor-top-section elementor-element elementor-element-ee81df0 elementor-section-full_width elementor-section-height-default elementor-section-height-default\" data-id=\"ee81df0\" data-element_type=\"section\">\n\t\t\t\t\t\t<div class=\"elementor-container elementor-column-gap-default\">\n\t\t\t\t\t<div class=\"elementor-column elementor-col-100 elementor-top-column elementor-element elementor-element-7e417c7\" data-id=\"7e417c7\" data-element_type=\"column\">\n\t\t\t<div class=\"elementor-widget-wrap elementor-element-populated\">\n\t\t\t\t\t\t<div class=\"elementor-element elementor-element-9edcce6 elementor-widget elementor-widget-text-editor\" data-id=\"9edcce6\" data-element_type=\"widget\" data-widget_type=\"text-editor.default\">\n\t\t\t\t<div class=\"elementor-widget-container\">\n\t\t\t\t\t\t\t<p>Wert einer Vesseling Sitzung f\u00fcr Erwachsene<br \/>60 Minuten: 75,00 \u20ac<br \/>Bei l\u00e4ngeren Sitzungen wird anteilig abgerechnet.<\/p><p>Vesseling f\u00fcr Kinder<br \/>60 Minuten: 75,00 \u20ac Energieausgleich<\/p><p>Je nach Klient und Bedarf des Klienten dauert eine Vesseling Sitzung zwischen 60 und 90 Minuten bei Erwachsenen und bei Kindern bis 15 Jahren, zwischen 45 und 60 Minuten. Ich berechne nach Zeit, denn anders ist es kaum zu greifen. Diese Arbeit ist sehr nah, pers\u00f6nlich und intensiv, keine Flie\u00dfbandarbeit und basiert auf Erfahrungswerten.<\/p><p>Es sei ausdr\u00fccklich darauf hingewiesen, dass eine energetische Behandlung in Form einer Einzelsitzung nicht den Besuch eines Arztes und dessen diagnostische T\u00e4tigkeit und Behandlung ersetzen kann.<\/p><p>Gem\u00e4\u00df \u00a7 19 UStG enth\u00e4lt der Rechnungsbetrag keine Umsatzsteuer.<br \/>Steuernummer: 5123\/5015\/2531<\/p><p>Bitte beachten Sie folgende Hinweise:<\/p><p><a href=\"https:\/\/www.desiree-imfluss.de\/wp-content\/uploads\/2026\/02\/Klienteninformation.pdf\"><em><strong>Klienteninformation<\/strong><\/em><\/a><\/p><p><em><strong>Datenschutzerkla\u0308rung<\/strong><\/em><\/p>\t\t\t\t\t\t<\/div>\n\t\t\t\t<\/div>\n\t\t\t\t\t<\/div>\n\t\t<\/div>\n\t\t\t\t\t<\/div>\n\t\t<\/section>\n\t\t\t\t<section class=\"elementor-section elementor-top-section elementor-element elementor-element-48ee3d2 elementor-section-full_width elementor-section-height-default elementor-section-height-default\" data-id=\"48ee3d2\" data-element_type=\"section\" data-settings=\"{&quot;background_background&quot;:&quot;classic&quot;}\">\n\t\t\t\t\t\t<div class=\"elementor-container elementor-column-gap-default\">\n\t\t\t\t\t<div class=\"elementor-column elementor-col-33 elementor-top-column elementor-element elementor-element-50b0268\" data-id=\"50b0268\" data-element_type=\"column\">\n\t\t\t<div class=\"elementor-widget-wrap elementor-element-populated\">\n\t\t\t\t\t\t<div class=\"elementor-element elementor-element-b353f76 elementor-widget elementor-widget-heading\" data-id=\"b353f76\" data-element_type=\"widget\" data-widget_type=\"heading.default\">\n\t\t\t\t<div class=\"elementor-widget-container\">\n\t\t\t<h1 class=\"elementor-heading-title elementor-size-default\">D\u00e9sir\u00e9e Braun<\/h1>\t\t<\/div>\n\t\t\t\t<\/div>\n\t\t\t\t<div class=\"elementor-element elementor-element-a56ee19 elementor-icon-list--layout-inline elementor-align-center elementor-list-item-link-full_width elementor-widget elementor-widget-icon-list\" data-id=\"a56ee19\" data-element_type=\"widget\" data-widget_type=\"icon-list.default\">\n\t\t\t\t<div class=\"elementor-widget-container\">\n\t\t\t<link rel=\"stylesheet\" href=\"https:\/\/www.desiree-imfluss.de\/wp-content\/uploads\/elementor\/css\/custom-widget-icon-list.min.css?ver=1710372707\">\t\t<ul class=\"elementor-icon-list-items elementor-inline-items\">\n\t\t\t\t\t\t\t<li class=\"elementor-icon-list-item elementor-inline-item\">\n\t\t\t\t\t\t\t\t\t\t\t<a href=\"https:\/\/instagram.com\/desirebraun?igshid=YmMyMTA2M2Y=\" target=\"_blank\">\n\n\t\t\t\t\t\t\t\t\t\t\t\t<span class=\"elementor-icon-list-icon\">\n\t\t\t\t\t\t\t<i aria-hidden=\"true\" class=\"fab fa-instagram\"><\/i>\t\t\t\t\t\t<\/span>\n\t\t\t\t\t\t\t\t\t\t<span class=\"elementor-icon-list-text\">Instagram<\/span>\n\t\t\t\t\t\t\t\t\t\t\t<\/a>\n\t\t\t\t\t\t\t\t\t<\/li>\n\t\t\t\t\t\t<\/ul>\n\t\t\t\t<\/div>\n\t\t\t\t<\/div>\n\t\t\t\t\t<\/div>\n\t\t<\/div>\n\t\t\t\t<div class=\"elementor-column elementor-col-33 elementor-top-column elementor-element elementor-element-8582170\" data-id=\"8582170\" data-element_type=\"column\">\n\t\t\t<div class=\"elementor-widget-wrap elementor-element-populated\">\n\t\t\t\t\t\t<div class=\"elementor-element elementor-element-1d82511 elementor-widget elementor-widget-text-editor\" data-id=\"1d82511\" data-element_type=\"widget\" data-widget_type=\"text-editor.default\">\n\t\t\t\t<div class=\"elementor-widget-container\">\n\t\t\t\t\t\t\t<p>D\u00e9sir\u00e9e Braun<br \/>Psychologische Beraterin<br \/>Vesseling Practitioner<br \/>46149 Oberhausen<\/p><p>Tel.: 0151-6519 6581 &#8211; kontaktieren Sie mich gerne \u00fcber WhatsApp<\/p>\t\t\t\t\t\t<\/div>\n\t\t\t\t<\/div>\n\t\t\t\t\t<\/div>\n\t\t<\/div>\n\t\t\t\t<div class=\"elementor-column elementor-col-33 elementor-top-column elementor-element elementor-element-1922ebb\" data-id=\"1922ebb\" data-element_type=\"column\">\n\t\t\t<div class=\"elementor-widget-wrap elementor-element-populated\">\n\t\t\t\t\t\t<div class=\"elementor-element elementor-element-91b17a2 elementor-icon-list--layout-inline elementor-align-right elementor-widget__width-initial elementor-widget-mobile__width-initial elementor-list-item-link-full_width elementor-widget elementor-widget-icon-list\" data-id=\"91b17a2\" data-element_type=\"widget\" data-widget_type=\"icon-list.default\">\n\t\t\t\t<div class=\"elementor-widget-container\">\n\t\t\t\t\t<ul class=\"elementor-icon-list-items elementor-inline-items\">\n\t\t\t\t\t\t\t<li class=\"elementor-icon-list-item elementor-inline-item\">\n\t\t\t\t\t\t\t\t\t\t\t<a href=\"https:\/\/www.desiree-imfluss.de\/?page_id=527\">\n\n\t\t\t\t\t\t\t\t\t\t\t<span class=\"elementor-icon-list-text\">Impressum<\/span>\n\t\t\t\t\t\t\t\t\t\t\t<\/a>\n\t\t\t\t\t\t\t\t\t<\/li>\n\t\t\t\t\t\t\t\t<li class=\"elementor-icon-list-item elementor-inline-item\">\n\t\t\t\t\t\t\t\t\t\t\t<a href=\"https:\/\/www.desiree-imfluss.de\/?page_id=560\">\n\n\t\t\t\t\t\t\t\t\t\t\t<span class=\"elementor-icon-list-text\">Datenschutz<\/span>\n\t\t\t\t\t\t\t\t\t\t\t<\/a>\n\t\t\t\t\t\t\t\t\t<\/li>\n\t\t\t\t\t\t<\/ul>\n\t\t\t\t<\/div>\n\t\t\t\t<\/div>\n\t\t\t\t\t<\/div>\n\t\t<\/div>\n\t\t\t\t\t<\/div>\n\t\t<\/section>\n\t\t\t\t<\/div>\n\t\t","protected":false},"excerpt":{"rendered":"<p>D\u00e9sir\u00e9e Braun Praxis f\u00fcr Energiearbeit &#8211; Energieseherin nach Martin Brune \/ Alberto Villoldo&#8211; zertifizierte Psychologische Beraterin &#8222;Ich lasse los und bin frei.&#8220; Energieausgleich &#8211; Preise Wert einer Vesseling Sitzung f\u00fcr Erwachsene60 Minuten: 75,00 \u20acBei l\u00e4ngeren Sitzungen wird anteilig abgerechnet. Vesseling f\u00fcr Kinder60 Minuten: 75,00 \u20ac Energieausgleich Je nach Klient und Bedarf des Klienten dauert eine [&hellip;]<\/p>\n","protected":false},"author":3,"featured_media":0,"parent":0,"menu_order":30,"comment_status":"closed","ping_status":"closed","template":"elementor_canvas","meta":{"footnotes":""},"_links":{"self":[{"href":"https:\/\/www.desiree-imfluss.de\/index.php?rest_route=\/wp\/v2\/pages\/1419"}],"collection":[{"href":"https:\/\/www.desiree-imfluss.de\/index.php?rest_route=\/wp\/v2\/pages"}],"about":[{"href":"https:\/\/www.desiree-imfluss.de\/index.php?rest_route=\/wp\/v2\/types\/page"}],"author":[{"embeddable":true,"href":"https:\/\/www.desiree-imfluss.de\/index.php?rest_route=\/wp\/v2\/users\/3"}],"replies":[{"embeddable":true,"href":"https:\/\/www.desiree-imfluss.de\/index.php?rest_route=%2Fwp%2Fv2%2Fcomments&post=1419"}],"version-history":[{"count":56,"href":"https:\/\/www.desiree-imfluss.de\/index.php?rest_route=\/wp\/v2\/pages\/1419\/revisions"}],"predecessor-version":[{"id":2073,"href":"https:\/\/www.desiree-imfluss.de\/index.php?rest_route=\/wp\/v2\/pages\/1419\/revisions\/2073"}],"wp:attachment":[{"href":"https:\/\/www.desiree-imfluss.de\/index.php?rest_route=%2Fwp%2Fv2%2Fmedia&parent=1419"}],"curies":[{"name":"wp","href":"https:\/\/api.w.org\/{rel}","templated":true}]}}